{"id":74,"date":"2025-09-10T16:44:26","date_gmt":"2025-09-10T16:44:26","guid":{"rendered":"https:\/\/cuernoslargosatx.com\/?page_id=74"},"modified":"2025-09-17T03:37:03","modified_gmt":"2025-09-17T03:37:03","slug":"home","status":"publish","type":"page","link":"https:\/\/cuernoslargosatx.com\/","title":{"rendered":"Home"},"content":{"rendered":"\t\t<div data-elementor-type=\"wp-page\" data-elementor-id=\"74\" class=\"elementor elementor-74\" data-elementor-post-type=\"page\">\n\t\t\t\t\t\t<section class=\"elementor-section elementor-top-section elementor-element elementor-element-427ad30 elementor-section-boxed elementor-section-height-default elementor-section-height-default\" data-id=\"427ad30\" data-element_type=\"section\" data-settings=\"{&quot;background_background&quot;:&quot;classic&quot;}\">\n\t\t\t\t\t\t<div class=\"elementor-container elementor-column-gap-default\">\n\t\t\t\t\t<div class=\"elementor-column elementor-col-100 elementor-top-column elementor-element elementor-element-dd005ee\" data-id=\"dd005ee\" data-element_type=\"column\">\n\t\t\t<div class=\"elementor-widget-wrap elementor-element-populated\">\n\t\t\t\t\t\t<div class=\"elementor-element elementor-element-eff10ad elementor-hidden-mobile elementor-widget elementor-widget-spacer\" data-id=\"eff10ad\" data-element_type=\"widget\" data-widget_type=\"spacer.default\">\n\t\t\t\t\t\t\t<div class=\"elementor-spacer\">\n\t\t\t<div class=\"elementor-spacer-inner\"><\/div>\n\t\t<\/div>\n\t\t\t\t\t\t<\/div>\n\t\t\t\t<section class=\"elementor-section elementor-inner-section elementor-element elementor-element-1dc5e28 elementor-section-boxed elementor-section-height-default elementor-section-height-default\" data-id=\"1dc5e28\" data-element_type=\"section\" data-settings=\"{&quot;background_background&quot;:&quot;classic&quot;}\">\n\t\t\t\t\t\t<div class=\"elementor-container elementor-column-gap-default\">\n\t\t\t\t\t<div class=\"elementor-column elementor-col-50 elementor-inner-column elementor-element elementor-element-859dbe2\" data-id=\"859dbe2\" data-element_type=\"column\">\n\t\t\t<div class=\"elementor-widget-wrap elementor-element-populated\">\n\t\t\t\t\t\t<div class=\"elementor-element elementor-element-0d450ae elementor-hidden-desktop elementor-hidden-tablet elementor-widget elementor-widget-image\" data-id=\"0d450ae\" data-element_type=\"widget\" data-settings=\"{&quot;_animation_mobile&quot;:&quot;fadeIn&quot;}\" data-widget_type=\"image.default\">\n\t\t\t\t\t\t\t\t\t\t\t\t\t\t\t<img fetchpriority=\"high\" decoding=\"async\" width=\"800\" height=\"259\" src=\"https:\/\/cuernoslargosatx.com\/wp-content\/uploads\/2025\/09\/Elementos-CuernosLargos-Web-Sept25-16-1024x331.png\" class=\"attachment-large size-large wp-image-20\" alt=\"\" srcset=\"https:\/\/cuernoslargosatx.com\/wp-content\/uploads\/2025\/09\/Elementos-CuernosLargos-Web-Sept25-16-1024x331.png 1024w, https:\/\/cuernoslargosatx.com\/wp-content\/uploads\/2025\/09\/Elementos-CuernosLargos-Web-Sept25-16-300x97.png 300w, https:\/\/cuernoslargosatx.com\/wp-content\/uploads\/2025\/09\/Elementos-CuernosLargos-Web-Sept25-16-768x248.png 768w, https:\/\/cuernoslargosatx.com\/wp-content\/uploads\/2025\/09\/Elementos-CuernosLargos-Web-Sept25-16-1536x496.png 1536w, https:\/\/cuernoslargosatx.com\/wp-content\/uploads\/2025\/09\/Elementos-CuernosLargos-Web-Sept25-16.png 1628w\" sizes=\"(max-width: 800px) 100vw, 800px\" \/>\t\t\t\t\t\t\t\t\t\t\t\t\t\t\t<\/div>\n\t\t\t\t<div class=\"elementor-element elementor-element-b1ce2c1 animated-slow elementor-invisible elementor-widget elementor-widget-heading\" data-id=\"b1ce2c1\" data-element_type=\"widget\" data-settings=\"{&quot;_animation&quot;:&quot;fadeIn&quot;}\" data-widget_type=\"heading.default\">\n\t\t\t\t\t<h2 class=\"elementor-heading-title elementor-size-default\">Donde la carne\n<br>\nse respeta...\n<br>\nY se come con ganas<\/h2>\t\t\t\t<\/div>\n\t\t\t\t<div class=\"elementor-element elementor-element-c28e3d1 elementor-widget elementor-widget-spacer\" data-id=\"c28e3d1\" data-element_type=\"widget\" data-widget_type=\"spacer.default\">\n\t\t\t\t\t\t\t<div class=\"elementor-spacer\">\n\t\t\t<div class=\"elementor-spacer-inner\"><\/div>\n\t\t<\/div>\n\t\t\t\t\t\t<\/div>\n\t\t\t\t\t<\/div>\n\t\t<\/div>\n\t\t\t\t<div class=\"elementor-column elementor-col-50 elementor-inner-column elementor-element elementor-element-d09171a\" data-id=\"d09171a\" data-element_type=\"column\">\n\t\t\t<div class=\"elementor-widget-wrap elementor-element-populated\">\n\t\t\t\t\t\t<div class=\"elementor-element elementor-element-0fe5107 elementor-hidden-mobile elementor-widget elementor-widget-spacer\" data-id=\"0fe5107\" data-element_type=\"widget\" data-widget_type=\"spacer.default\">\n\t\t\t\t\t\t\t<div class=\"elementor-spacer\">\n\t\t\t<div class=\"elementor-spacer-inner\"><\/div>\n\t\t<\/div>\n\t\t\t\t\t\t<\/div>\n\t\t\t\t<div class=\"elementor-element elementor-element-cbe91a3 elementor-widget__width-initial elementor-widget-mobile__width-initial elementor-widget elementor-widget-image\" data-id=\"cbe91a3\" data-element_type=\"widget\" data-settings=\"{&quot;_animation_mobile&quot;:&quot;fadeIn&quot;}\" data-widget_type=\"image.default\">\n\t\t\t\t\t\t\t\t\t\t\t\t\t\t\t<img decoding=\"async\" width=\"800\" height=\"634\" src=\"https:\/\/cuernoslargosatx.com\/wp-content\/uploads\/2025\/09\/Elementos-CuernosLargos-Web-Sept25-05-1024x812.png\" class=\"attachment-large size-large wp-image-13\" alt=\"\" srcset=\"https:\/\/cuernoslargosatx.com\/wp-content\/uploads\/2025\/09\/Elementos-CuernosLargos-Web-Sept25-05-1024x812.png 1024w, https:\/\/cuernoslargosatx.com\/wp-content\/uploads\/2025\/09\/Elementos-CuernosLargos-Web-Sept25-05-300x238.png 300w, https:\/\/cuernoslargosatx.com\/wp-content\/uploads\/2025\/09\/Elementos-CuernosLargos-Web-Sept25-05-768x609.png 768w, https:\/\/cuernoslargosatx.com\/wp-content\/uploads\/2025\/09\/Elementos-CuernosLargos-Web-Sept25-05.png 1185w\" sizes=\"(max-width: 800px) 100vw, 800px\" \/>\t\t\t\t\t\t\t\t\t\t\t\t\t\t\t<\/div>\n\t\t\t\t\t<\/div>\n\t\t<\/div>\n\t\t\t\t\t<\/div>\n\t\t<\/section>\n\t\t\t\t<div class=\"elementor-element elementor-element-928c43c elementor-widget elementor-widget-spacer\" data-id=\"928c43c\" data-element_type=\"widget\" data-widget_type=\"spacer.default\">\n\t\t\t\t\t\t\t<div class=\"elementor-spacer\">\n\t\t\t<div class=\"elementor-spacer-inner\"><\/div>\n\t\t<\/div>\n\t\t\t\t\t\t<\/div>\n\t\t\t\t\t<\/div>\n\t\t<\/div>\n\t\t\t\t\t<\/div>\n\t\t<\/section>\n\t\t\t\t<section class=\"elementor-section elementor-top-section elementor-element elementor-element-133b205 elementor-section-boxed elementor-section-height-default elementor-section-height-default\" data-id=\"133b205\" data-element_type=\"section\" data-settings=\"{&quot;background_background&quot;:&quot;classic&quot;}\">\n\t\t\t\t\t\t<div class=\"elementor-container elementor-column-gap-default\">\n\t\t\t\t\t<div class=\"elementor-column elementor-col-100 elementor-top-column elementor-element elementor-element-0148f09\" data-id=\"0148f09\" data-element_type=\"column\">\n\t\t\t<div class=\"elementor-widget-wrap elementor-element-populated\">\n\t\t\t\t\t\t<div class=\"elementor-element elementor-element-2e3db22 elementor-widget elementor-widget-spacer\" data-id=\"2e3db22\" data-element_type=\"widget\" data-widget_type=\"spacer.default\">\n\t\t\t\t\t\t\t<div class=\"elementor-spacer\">\n\t\t\t<div class=\"elementor-spacer-inner\"><\/div>\n\t\t<\/div>\n\t\t\t\t\t\t<\/div>\n\t\t\t\t<div class=\"elementor-element elementor-element-3194d3a animated-slow elementor-invisible elementor-widget elementor-widget-text-editor\" data-id=\"3194d3a\" data-element_type=\"widget\" data-settings=\"{&quot;_animation&quot;:&quot;fadeIn&quot;}\" data-widget_type=\"text-editor.default\">\n\t\t\t\t\t\t\t\t\t<p>En CUERNOS LARGOS la carne manda&#8230; y el hambre tambi\u00e9n.<br \/>Aqu\u00ed se sirve carne asada jugosa, antojitos de barrio y el saz\u00f3n mexicano<br \/>que te hace pedir &#8220;otro taquito&#8221; aunque ya est\u00e9s lleno.<br \/>Es el lugar donde el humo de la parrilla te llama y el ambiente te abraza.<\/p>\t\t\t\t\t\t\t\t<\/div>\n\t\t\t\t<section class=\"elementor-section elementor-inner-section elementor-element elementor-element-a7026c5 elementor-section-boxed elementor-section-height-default elementor-section-height-default\" data-id=\"a7026c5\" data-element_type=\"section\">\n\t\t\t\t\t\t<div class=\"elementor-container elementor-column-gap-default\">\n\t\t\t\t\t<div class=\"elementor-column elementor-col-50 elementor-inner-column elementor-element elementor-element-3659aac\" data-id=\"3659aac\" data-element_type=\"column\">\n\t\t\t<div class=\"elementor-widget-wrap elementor-element-populated\">\n\t\t\t\t\t\t<div class=\"elementor-element elementor-element-273a5d4 animated-slow elementor-invisible elementor-widget elementor-widget-heading\" data-id=\"273a5d4\" data-element_type=\"widget\" data-settings=\"{&quot;_animation&quot;:&quot;fadeIn&quot;}\" data-widget_type=\"heading.default\">\n\t\t\t\t\t<h2 class=\"elementor-heading-title elementor-size-default\">asado como dios manda<\/h2>\t\t\t\t<\/div>\n\t\t\t\t<div class=\"elementor-element elementor-element-abfe0c3 animated-slow elementor-invisible elementor-widget elementor-widget-text-editor\" data-id=\"abfe0c3\" data-element_type=\"widget\" data-settings=\"{&quot;_animation&quot;:&quot;fadeIn&quot;}\" data-widget_type=\"text-editor.default\">\n\t\t\t\t\t\t\t\t\t<p>Aqu\u00ed la carne se asa al carb\u00f3n,\u00a0<br \/>para que cada corte tenga el sabor ahumado<br \/>y jugoso que a todos nos enamora.<\/p>\t\t\t\t\t\t\t\t<\/div>\n\t\t\t\t<div class=\"elementor-element elementor-element-1968c09 elementor-widget__width-initial elementor-widget-mobile__width-initial elementor-absolute elementor-widget elementor-widget-image\" data-id=\"1968c09\" data-element_type=\"widget\" data-settings=\"{&quot;_position&quot;:&quot;absolute&quot;}\" data-widget_type=\"image.default\">\n\t\t\t\t\t\t\t\t\t\t\t\t\t\t\t<img decoding=\"async\" width=\"162\" height=\"212\" src=\"https:\/\/cuernoslargosatx.com\/wp-content\/uploads\/2025\/09\/Elementos_CuernosLargos-02.png\" class=\"attachment-large size-large wp-image-108\" alt=\"\" \/>\t\t\t\t\t\t\t\t\t\t\t\t\t\t\t<\/div>\n\t\t\t\t\t<\/div>\n\t\t<\/div>\n\t\t\t\t<div class=\"elementor-column elementor-col-50 elementor-inner-column elementor-element elementor-element-7263a30\" data-id=\"7263a30\" data-element_type=\"column\">\n\t\t\t<div class=\"elementor-widget-wrap elementor-element-populated\">\n\t\t\t\t\t\t<div class=\"elementor-element elementor-element-13eb7ee animated-slow elementor-invisible elementor-widget elementor-widget-heading\" data-id=\"13eb7ee\" data-element_type=\"widget\" data-settings=\"{&quot;_animation&quot;:&quot;fadeIn&quot;}\" data-widget_type=\"heading.default\">\n\t\t\t\t\t<h2 class=\"elementor-heading-title elementor-size-default\">antojitos con personalidad<\/h2>\t\t\t\t<\/div>\n\t\t\t\t<div class=\"elementor-element elementor-element-601a513 elementor-widget__width-initial animated-slow elementor-invisible elementor-widget elementor-widget-text-editor\" data-id=\"601a513\" data-element_type=\"widget\" data-settings=\"{&quot;_animation&quot;:&quot;fadeIn&quot;}\" data-widget_type=\"text-editor.default\">\n\t\t\t\t\t\t\t\t\t<p>Tacos generosos, quesadillas que se desbordan, frijolitos que saben a hogar..<br \/>aqu\u00ed todo se sirve con cari\u00f1o y buen humor.<\/p>\t\t\t\t\t\t\t\t<\/div>\n\t\t\t\t<div class=\"elementor-element elementor-element-c74d4bc elementor-widget__width-initial elementor-widget-tablet__width-initial elementor-widget-mobile__width-initial elementor-absolute elementor-widget elementor-widget-image\" data-id=\"c74d4bc\" data-element_type=\"widget\" data-settings=\"{&quot;_position&quot;:&quot;absolute&quot;}\" data-widget_type=\"image.default\">\n\t\t\t\t\t\t\t\t\t\t\t\t\t\t\t<img loading=\"lazy\" decoding=\"async\" width=\"295\" height=\"283\" src=\"https:\/\/cuernoslargosatx.com\/wp-content\/uploads\/2025\/09\/Elementos_CuernosLargos-03.png\" class=\"attachment-large size-large wp-image-109\" alt=\"\" \/>\t\t\t\t\t\t\t\t\t\t\t\t\t\t\t<\/div>\n\t\t\t\t\t<\/div>\n\t\t<\/div>\n\t\t\t\t\t<\/div>\n\t\t<\/section>\n\t\t\t\t<section class=\"elementor-section elementor-inner-section elementor-element elementor-element-35d45de elementor-section-boxed elementor-section-height-default elementor-section-height-default\" data-id=\"35d45de\" data-element_type=\"section\">\n\t\t\t\t\t\t<div class=\"elementor-container elementor-column-gap-default\">\n\t\t\t\t\t<div class=\"elementor-column elementor-col-100 elementor-inner-column elementor-element elementor-element-8e0dcde\" data-id=\"8e0dcde\" data-element_type=\"column\">\n\t\t\t<div class=\"elementor-widget-wrap elementor-element-populated\">\n\t\t\t\t\t\t<div class=\"elementor-element elementor-element-6891073 animated-slow elementor-invisible elementor-widget elementor-widget-heading\" data-id=\"6891073\" data-element_type=\"widget\" data-settings=\"{&quot;_animation&quot;:&quot;fadeIn&quot;}\" data-widget_type=\"heading.default\">\n\t\t\t\t\t<h2 class=\"elementor-heading-title elementor-size-default\">Y pa' acompa\u00f1ar tambi\u00e9n<\/h2>\t\t\t\t<\/div>\n\t\t\t\t<div class=\"elementor-element elementor-element-614ec92 animated-slow elementor-invisible elementor-widget elementor-widget-text-editor\" data-id=\"614ec92\" data-element_type=\"widget\" data-settings=\"{&quot;_animation&quot;:&quot;fadeIn&quot;}\" data-widget_type=\"text-editor.default\">\n\t\t\t\t\t\t\t\t\t<p>Nachos, aguas frescas, sodas<br \/>y energy drinks que levantan el \u00e1nimo<\/p>\t\t\t\t\t\t\t\t<\/div>\n\t\t\t\t<div class=\"elementor-element elementor-element-239c45e elementor-align-center animated-slow elementor-invisible elementor-widget elementor-widget-button\" data-id=\"239c45e\" data-element_type=\"widget\" data-settings=\"{&quot;_animation&quot;:&quot;fadeIn&quot;}\" data-widget_type=\"button.default\">\n\t\t\t\t\t\t\t\t\t\t<a class=\"elementor-button elementor-button-link elementor-size-sm\" href=\"https:\/\/cuernoslargosatx.com\/?page_id=80\">\n\t\t\t\t\t\t<span class=\"elementor-button-content-wrapper\">\n\t\t\t\t\t\t\t\t\t<span class=\"elementor-button-text\">VER MEN\u00da<\/span>\n\t\t\t\t\t<\/span>\n\t\t\t\t\t<\/a>\n\t\t\t\t\t\t\t\t<\/div>\n\t\t\t\t<div class=\"elementor-element elementor-element-ac63691 elementor-widget__width-initial elementor-widget-tablet__width-initial elementor-widget-mobile__width-initial elementor-absolute elementor-widget elementor-widget-image\" data-id=\"ac63691\" data-element_type=\"widget\" data-settings=\"{&quot;_position&quot;:&quot;absolute&quot;}\" data-widget_type=\"image.default\">\n\t\t\t\t\t\t\t\t\t\t\t\t\t\t\t<img loading=\"lazy\" decoding=\"async\" width=\"272\" height=\"130\" src=\"https:\/\/cuernoslargosatx.com\/wp-content\/uploads\/2025\/09\/Elementos_CuernosLargos-05.png\" class=\"attachment-large size-large wp-image-111\" alt=\"\" \/>\t\t\t\t\t\t\t\t\t\t\t\t\t\t\t<\/div>\n\t\t\t\t<div class=\"elementor-element elementor-element-b281779 elementor-widget__width-initial elementor-widget-tablet__width-initial elementor-absolute elementor-widget-mobile__width-initial elementor-widget elementor-widget-image\" data-id=\"b281779\" data-element_type=\"widget\" data-settings=\"{&quot;_position&quot;:&quot;absolute&quot;}\" data-widget_type=\"image.default\">\n\t\t\t\t\t\t\t\t\t\t\t\t\t\t\t<img loading=\"lazy\" decoding=\"async\" width=\"315\" height=\"130\" src=\"https:\/\/cuernoslargosatx.com\/wp-content\/uploads\/2025\/09\/Elementos_CuernosLargos-06.png\" class=\"attachment-large size-large wp-image-107\" alt=\"\" srcset=\"https:\/\/cuernoslargosatx.com\/wp-content\/uploads\/2025\/09\/Elementos_CuernosLargos-06.png 315w, https:\/\/cuernoslargosatx.com\/wp-content\/uploads\/2025\/09\/Elementos_CuernosLargos-06-300x124.png 300w\" sizes=\"(max-width: 315px) 100vw, 315px\" \/>\t\t\t\t\t\t\t\t\t\t\t\t\t\t\t<\/div>\n\t\t\t\t\t<\/div>\n\t\t<\/div>\n\t\t\t\t\t<\/div>\n\t\t<\/section>\n\t\t\t\t<div class=\"elementor-element elementor-element-174f8b5 elementor-widget elementor-widget-spacer\" data-id=\"174f8b5\" data-element_type=\"widget\" data-widget_type=\"spacer.default\">\n\t\t\t\t\t\t\t<div class=\"elementor-spacer\">\n\t\t\t<div class=\"elementor-spacer-inner\"><\/div>\n\t\t<\/div>\n\t\t\t\t\t\t<\/div>\n\t\t\t\t\t<\/div>\n\t\t<\/div>\n\t\t\t\t\t<\/div>\n\t\t<\/section>\n\t\t\t\t<section class=\"elementor-section elementor-top-section elementor-element elementor-element-e5f7061 elementor-section-boxed elementor-section-height-default elementor-section-height-default\" data-id=\"e5f7061\" data-element_type=\"section\" data-settings=\"{&quot;background_background&quot;:&quot;classic&quot;}\">\n\t\t\t\t\t\t<div class=\"elementor-container elementor-column-gap-default\">\n\t\t\t\t\t<div class=\"elementor-column elementor-col-100 elementor-top-column elementor-element elementor-element-fde2b58\" data-id=\"fde2b58\" data-element_type=\"column\">\n\t\t\t<div class=\"elementor-widget-wrap elementor-element-populated\">\n\t\t\t\t\t\t<section class=\"elementor-section elementor-inner-section elementor-element elementor-element-1a263f0 elementor-section-boxed elementor-section-height-default elementor-section-height-default\" data-id=\"1a263f0\" data-element_type=\"section\">\n\t\t\t\t\t\t<div class=\"elementor-container elementor-column-gap-default\">\n\t\t\t\t\t<div class=\"elementor-column elementor-col-50 elementor-inner-column elementor-element elementor-element-7ae41a0\" data-id=\"7ae41a0\" data-element_type=\"column\">\n\t\t\t<div class=\"elementor-widget-wrap elementor-element-populated\">\n\t\t\t\t\t\t<div class=\"elementor-element elementor-element-df97544 animated-slow elementor-invisible elementor-widget elementor-widget-image\" data-id=\"df97544\" data-element_type=\"widget\" data-settings=\"{&quot;_animation&quot;:&quot;fadeIn&quot;}\" data-widget_type=\"image.default\">\n\t\t\t\t\t\t\t\t\t\t\t\t\t\t\t<img loading=\"lazy\" decoding=\"async\" width=\"800\" height=\"581\" src=\"https:\/\/cuernoslargosatx.com\/wp-content\/uploads\/2025\/09\/Elementos-CuernosLargos-Web-Sept25-06-1024x744.png\" class=\"attachment-large size-large wp-image-14\" alt=\"\" srcset=\"https:\/\/cuernoslargosatx.com\/wp-content\/uploads\/2025\/09\/Elementos-CuernosLargos-Web-Sept25-06-1024x744.png 1024w, https:\/\/cuernoslargosatx.com\/wp-content\/uploads\/2025\/09\/Elementos-CuernosLargos-Web-Sept25-06-300x218.png 300w, https:\/\/cuernoslargosatx.com\/wp-content\/uploads\/2025\/09\/Elementos-CuernosLargos-Web-Sept25-06-768x558.png 768w, https:\/\/cuernoslargosatx.com\/wp-content\/uploads\/2025\/09\/Elementos-CuernosLargos-Web-Sept25-06.png 1195w\" sizes=\"(max-width: 800px) 100vw, 800px\" \/>\t\t\t\t\t\t\t\t\t\t\t\t\t\t\t<\/div>\n\t\t\t\t<div class=\"elementor-element elementor-element-a5928e8 elementor-align-right animated-slow elementor-mobile-align-center elementor-invisible elementor-widget elementor-widget-button\" data-id=\"a5928e8\" data-element_type=\"widget\" data-settings=\"{&quot;_animation&quot;:&quot;fadeIn&quot;}\" data-widget_type=\"button.default\">\n\t\t\t\t\t\t\t\t\t\t<a class=\"elementor-button elementor-button-link elementor-size-sm\" href=\"https:\/\/cuernoslargosatx.com\/?page_id=80\">\n\t\t\t\t\t\t<span class=\"elementor-button-content-wrapper\">\n\t\t\t\t\t\t\t\t\t<span class=\"elementor-button-text\">VER MEN\u00da<\/span>\n\t\t\t\t\t<\/span>\n\t\t\t\t\t<\/a>\n\t\t\t\t\t\t\t\t<\/div>\n\t\t\t\t<div class=\"elementor-element elementor-element-fdb39ef elementor-widget elementor-widget-spacer\" data-id=\"fdb39ef\" data-element_type=\"widget\" data-widget_type=\"spacer.default\">\n\t\t\t\t\t\t\t<div class=\"elementor-spacer\">\n\t\t\t<div class=\"elementor-spacer-inner\"><\/div>\n\t\t<\/div>\n\t\t\t\t\t\t<\/div>\n\t\t\t\t\t<\/div>\n\t\t<\/div>\n\t\t\t\t<div class=\"elementor-column elementor-col-50 elementor-inner-column elementor-element elementor-element-9b816fa\" data-id=\"9b816fa\" data-element_type=\"column\">\n\t\t\t<div class=\"elementor-widget-wrap elementor-element-populated\">\n\t\t\t\t\t\t<div class=\"elementor-element elementor-element-6bd90c1 animated-slow elementor-invisible elementor-widget elementor-widget-heading\" data-id=\"6bd90c1\" data-element_type=\"widget\" data-settings=\"{&quot;_animation&quot;:&quot;fadeIn&quot;}\" data-widget_type=\"heading.default\">\n\t\t\t\t\t<h2 class=\"elementor-heading-title elementor-size-default\">avi\u00e9ntate de cuernos y\n<br>\nVive la experiencia<\/h2>\t\t\t\t<\/div>\n\t\t\t\t<div class=\"elementor-element elementor-element-bc27eab animated-slow elementor-invisible elementor-widget elementor-widget-text-editor\" data-id=\"bc27eab\" data-element_type=\"widget\" data-settings=\"{&quot;_animation&quot;:&quot;fadeIn&quot;}\" data-widget_type=\"text-editor.default\">\n\t\t\t\t\t\t\t\t\t<p>No es solo comida, es una forma de pasarla bien:<br \/>sabores que te ponen de buenas,<br \/>amigos alrededor de la mesa<br \/>y una parrilla que nunca descansa.<\/p>\t\t\t\t\t\t\t\t<\/div>\n\t\t\t\t<div class=\"elementor-element elementor-element-d8c83d6 elementor-widget__width-initial elementor-hidden-mobile elementor-widget elementor-widget-image\" data-id=\"d8c83d6\" data-element_type=\"widget\" data-widget_type=\"image.default\">\n\t\t\t\t\t\t\t\t\t\t\t\t\t\t\t<img loading=\"lazy\" decoding=\"async\" width=\"393\" height=\"167\" src=\"https:\/\/cuernoslargosatx.com\/wp-content\/uploads\/2025\/09\/Elementos-CuernosLargos-Web-Sept25-13.png\" class=\"attachment-large size-large wp-image-17\" alt=\"\" srcset=\"https:\/\/cuernoslargosatx.com\/wp-content\/uploads\/2025\/09\/Elementos-CuernosLargos-Web-Sept25-13.png 393w, https:\/\/cuernoslargosatx.com\/wp-content\/uploads\/2025\/09\/Elementos-CuernosLargos-Web-Sept25-13-300x127.png 300w\" sizes=\"(max-width: 393px) 100vw, 393px\" \/>\t\t\t\t\t\t\t\t\t\t\t\t\t\t\t<\/div>\n\t\t\t\t\t<\/div>\n\t\t<\/div>\n\t\t\t\t\t<\/div>\n\t\t<\/section>\n\t\t\t\t\t<\/div>\n\t\t<\/div>\n\t\t\t\t\t<\/div>\n\t\t<\/section>\n\t\t\t\t<\/div>\n\t\t","protected":false},"excerpt":{"rendered":"<p>Donde la carne se respeta&#8230; Y se come con ganas En CUERNOS LARGOS la carne manda&#8230; y el hambre tambi\u00e9n.Aqu\u00ed se sirve carne asada jugosa, antojitos de barrio y el saz\u00f3n mexicanoque te hace pedir &#8220;otro taquito&#8221; aunque ya est\u00e9s lleno.Es el lugar donde el humo de la parrilla te llama y el ambiente te [&hellip;]<\/p>\n","protected":false},"author":1,"featured_media":0,"parent":0,"menu_order":0,"comment_status":"closed","ping_status":"closed","template":"elementor_header_footer","meta":{"footnotes":""},"class_list":["post-74","page","type-page","status-publish","hentry"],"_links":{"self":[{"href":"https:\/\/cuernoslargosatx.com\/index.php?rest_route=\/wp\/v2\/pages\/74","targetHints":{"allow":["GET"]}}],"collection":[{"href":"https:\/\/cuernoslargosatx.com\/index.php?rest_route=\/wp\/v2\/pages"}],"about":[{"href":"https:\/\/cuernoslargosatx.com\/index.php?rest_route=\/wp\/v2\/types\/page"}],"author":[{"embeddable":true,"href":"https:\/\/cuernoslargosatx.com\/index.php?rest_route=\/wp\/v2\/users\/1"}],"replies":[{"embeddable":true,"href":"https:\/\/cuernoslargosatx.com\/index.php?rest_route=%2Fwp%2Fv2%2Fcomments&post=74"}],"version-history":[{"count":103,"href":"https:\/\/cuernoslargosatx.com\/index.php?rest_route=\/wp\/v2\/pages\/74\/revisions"}],"predecessor-version":[{"id":399,"href":"https:\/\/cuernoslargosatx.com\/index.php?rest_route=\/wp\/v2\/pages\/74\/revisions\/399"}],"wp:attachment":[{"href":"https:\/\/cuernoslargosatx.com\/index.php?rest_route=%2Fwp%2Fv2%2Fmedia&parent=74"}],"curies":[{"name":"wp","href":"https:\/\/api.w.org\/{rel}","templated":true}]}}